{"id":229,"date":"2021-10-14T19:30:18","date_gmt":"2021-10-14T18:30:18","guid":{"rendered":"https:\/\/inature.cz\/?page_id=229"},"modified":"2026-04-05T09:59:24","modified_gmt":"2026-04-05T08:59:24","slug":"kontakt","status":"publish","type":"page","link":"https:\/\/inature.cz\/index.php\/kontakt\/","title":{"rendered":"Kontakt"},"content":{"rendered":"\n<p>MARTINA \u010cED\u00cdKOV\u00c1<\/p>\n\n\n\n<p>KLEN\u010c\u00cd POD \u010cERCHOVEM 165, 345 34<\/p>\n\n\n\n<p><a href=\"http:\/\/instagram.com\/inature.martina\">http:\/\/instagram.com\/inature.martina<\/a><\/p>\n\n\n\n<p><a href=\"https:\/\/www.facebook.com\/INature.cz\">https:\/\/www.facebook.com\/INature.cz<\/a><\/p>\n\n\n\n<p><a href=\"mailto:inature.martina@gmail.com\">inature.martina@gmail.com<\/a><\/p>\n\n\n\n<p>tel.: <a href=\"tel:420777038159\">+420 777 038 159<\/a><\/p>\n\n\n\n<p><\/p>\n","protected":false},"excerpt":{"rendered":"<p>MARTINA \u010cED\u00cdKOV\u00c1 KLEN\u010c\u00cd POD \u010cERCHOVEM 165, 345 34 http:\/\/instagram.com\/inature.martina https:\/\/www.facebook.com\/INature.cz inature.martina@gmail.com tel.: +420 777 038 159<\/p>\n","protected":false},"author":1,"featured_media":0,"parent":0,"menu_order":8,"comment_status":"closed","ping_status":"closed","template":"","meta":{"neve_meta_sidebar":"","neve_meta_container":"","neve_meta_enable_content_width":"","neve_meta_content_width":0,"neve_meta_title_alignment":"","neve_meta_author_avatar":"","neve_post_elements_order":"","neve_meta_disable_header":"","neve_meta_disable_footer":"","neve_meta_disable_title":"","footnotes":""},"class_list":["post-229","page","type-page","status-publish","hentry"],"_links":{"self":[{"href":"https:\/\/inature.cz\/index.php\/wp-json\/wp\/v2\/pages\/229","targetHints":{"allow":["GET"]}}],"collection":[{"href":"https:\/\/inature.cz\/index.php\/wp-json\/wp\/v2\/pages"}],"about":[{"href":"https:\/\/inature.cz\/index.php\/wp-json\/wp\/v2\/types\/page"}],"author":[{"embeddable":true,"href":"https:\/\/inature.cz\/index.php\/wp-json\/wp\/v2\/users\/1"}],"replies":[{"embeddable":true,"href":"https:\/\/inature.cz\/index.php\/wp-json\/wp\/v2\/comments?post=229"}],"version-history":[{"count":25,"href":"https:\/\/inature.cz\/index.php\/wp-json\/wp\/v2\/pages\/229\/revisions"}],"predecessor-version":[{"id":1036,"href":"https:\/\/inature.cz\/index.php\/wp-json\/wp\/v2\/pages\/229\/revisions\/1036"}],"wp:attachment":[{"href":"https:\/\/inature.cz\/index.php\/wp-json\/wp\/v2\/media?parent=229"}],"curies":[{"name":"wp","href":"https:\/\/api.w.org\/{rel}","templated":true}]}}