{"id":385,"date":"2021-11-09T16:27:05","date_gmt":"2021-11-09T15:27:05","guid":{"rendered":"https:\/\/inature.cz\/?post_type=product&#038;p=385"},"modified":"2021-11-13T15:47:41","modified_gmt":"2021-11-13T14:47:41","slug":"tenka-mikca-s-kapuci-motiv-letokruhy","status":"publish","type":"product","link":"https:\/\/inature.cz\/index.php\/product\/tenka-mikca-s-kapuci-motiv-letokruhy\/","title":{"rendered":"Tenk\u00e1 mik\u010da s kapuc\u00ed Letokruhy"},"content":{"rendered":"<p><img loading=\"lazy\" decoding=\"async\" class=\"alignnone size-full wp-image-254\" src=\"https:\/\/inature.cz\/wp-content\/uploads\/2021\/10\/DSC8596-removebg-preview.png\" alt=\"\" width=\"491\" height=\"508\" srcset=\"https:\/\/inature.cz\/wp-content\/uploads\/2021\/10\/DSC8596-removebg-preview.png 491w, https:\/\/inature.cz\/wp-content\/uploads\/2021\/10\/DSC8596-removebg-preview-290x300.png 290w, https:\/\/inature.cz\/wp-content\/uploads\/2021\/10\/DSC8596-removebg-preview-400x414.png 400w\" sizes=\"auto, (max-width: 491px) 100vw, 491px\" \/><\/p>\n","protected":false},"excerpt":{"rendered":"","protected":false},"featured_media":255,"comment_status":"open","ping_status":"closed","template":"","meta":{"neve_meta_sidebar":"","neve_meta_container":"","neve_meta_enable_content_width":"off","neve_meta_content_width":100,"neve_meta_title_alignment":"","neve_meta_author_avatar":"","neve_post_elements_order":"","neve_meta_disable_header":"","neve_meta_disable_footer":"","neve_meta_disable_title":""},"product_cat":[18,17],"product_tag":[],"class_list":["post-385","product","type-product","status-publish","has-post-thumbnail","hentry","product_cat-damske","product_cat-mikiny"],"_links":{"self":[{"href":"https:\/\/inature.cz\/index.php\/wp-json\/wp\/v2\/product\/385","targetHints":{"allow":["GET"]}}],"collection":[{"href":"https:\/\/inature.cz\/index.php\/wp-json\/wp\/v2\/product"}],"about":[{"href":"https:\/\/inature.cz\/index.php\/wp-json\/wp\/v2\/types\/product"}],"replies":[{"embeddable":true,"href":"https:\/\/inature.cz\/index.php\/wp-json\/wp\/v2\/comments?post=385"}],"wp:featuredmedia":[{"embeddable":true,"href":"https:\/\/inature.cz\/index.php\/wp-json\/wp\/v2\/media\/255"}],"wp:attachment":[{"href":"https:\/\/inature.cz\/index.php\/wp-json\/wp\/v2\/media?parent=385"}],"wp:term":[{"taxonomy":"product_cat","embeddable":true,"href":"https:\/\/inature.cz\/index.php\/wp-json\/wp\/v2\/product_cat?post=385"},{"taxonomy":"product_tag","embeddable":true,"href":"https:\/\/inature.cz\/index.php\/wp-json\/wp\/v2\/product_tag?post=385"}],"curies":[{"name":"wp","href":"https:\/\/api.w.org\/{rel}","templated":true}]}}