{"id":386,"date":"2021-11-09T16:28:29","date_gmt":"2021-11-09T15:28:29","guid":{"rendered":"https:\/\/inature.cz\/?post_type=product&#038;p=386"},"modified":"2026-05-13T17:45:16","modified_gmt":"2026-05-13T16:45:16","slug":"386","status":"publish","type":"product","link":"https:\/\/inature.cz\/index.php\/product\/386\/","title":{"rendered":"mik\u010da Letokruhy"},"content":{"rendered":"<p>85% bavlna, 15% visk\u00f3za<\/p>\n<p>barva \u0161ed\u00fd mel\u00edr<\/p>\n<p>voln\u00fd st\u0159ih<\/p>\n<p>slab\u00e1 mikina s kapuc\u00ed<\/p>\n","protected":false},"excerpt":{"rendered":"<p>85% bavlna, 15% visk\u00f3za barva \u0161ed\u00fd mel\u00edr voln\u00fd st\u0159ih slab\u00e1 mikina s kapuc\u00ed<\/p>\n","protected":false},"featured_media":252,"comment_status":"open","ping_status":"closed","template":"","meta":{"neve_meta_sidebar":"","neve_meta_container":"","neve_meta_enable_content_width":"off","neve_meta_content_width":100,"neve_meta_title_alignment":"","neve_meta_author_avatar":"","neve_post_elements_order":"","neve_meta_disable_header":"","neve_meta_disable_footer":"","neve_meta_disable_title":""},"product_cat":[18,17],"product_tag":[],"class_list":["post-386","product","type-product","status-publish","has-post-thumbnail","hentry","product_cat-damske","product_cat-mikiny"],"_links":{"self":[{"href":"https:\/\/inature.cz\/index.php\/wp-json\/wp\/v2\/product\/386","targetHints":{"allow":["GET"]}}],"collection":[{"href":"https:\/\/inature.cz\/index.php\/wp-json\/wp\/v2\/product"}],"about":[{"href":"https:\/\/inature.cz\/index.php\/wp-json\/wp\/v2\/types\/product"}],"replies":[{"embeddable":true,"href":"https:\/\/inature.cz\/index.php\/wp-json\/wp\/v2\/comments?post=386"}],"wp:featuredmedia":[{"embeddable":true,"href":"https:\/\/inature.cz\/index.php\/wp-json\/wp\/v2\/media\/252"}],"wp:attachment":[{"href":"https:\/\/inature.cz\/index.php\/wp-json\/wp\/v2\/media?parent=386"}],"wp:term":[{"taxonomy":"product_cat","embeddable":true,"href":"https:\/\/inature.cz\/index.php\/wp-json\/wp\/v2\/product_cat?post=386"},{"taxonomy":"product_tag","embeddable":true,"href":"https:\/\/inature.cz\/index.php\/wp-json\/wp\/v2\/product_tag?post=386"}],"curies":[{"name":"wp","href":"https:\/\/api.w.org\/{rel}","templated":true}]}}