{"id":400,"date":"2021-11-13T16:01:40","date_gmt":"2021-11-13T15:01:40","guid":{"rendered":"https:\/\/inature.cz\/?post_type=product&#038;p=400"},"modified":"2025-01-25T17:53:28","modified_gmt":"2025-01-25T16:53:28","slug":"detske-tricko-lupiny","status":"publish","type":"product","link":"https:\/\/inature.cz\/index.php\/product\/detske-tricko-lupiny\/","title":{"rendered":"D\u011btsk\u00e9 tri\u010dko Lupiny"},"content":{"rendered":"<p><img loading=\"lazy\" decoding=\"async\" class=\"alignnone size-full wp-image-389\" src=\"https:\/\/inature.cz\/wp-content\/uploads\/2021\/11\/127276281_1368137793530707_8207270236488957362_n.png\" alt=\"\" width=\"507\" height=\"492\" srcset=\"https:\/\/inature.cz\/wp-content\/uploads\/2021\/11\/127276281_1368137793530707_8207270236488957362_n.png 507w, https:\/\/inature.cz\/wp-content\/uploads\/2021\/11\/127276281_1368137793530707_8207270236488957362_n-300x291.png 300w\" sizes=\"auto, (max-width: 507px) 100vw, 507px\" \/><\/p>\n","protected":false},"excerpt":{"rendered":"<p>100% bio bavlna<\/p>\n<p>Sv\u011btle \u0161ed\u00fd mel\u00edr<\/p>\n<p>Knofl\u00ed\u010dky ze strany u krku<\/p>\n<p>gram\u00e1\u017e 150 g\/m2<\/p>\n<p>velikost 6 &#8211; 12 m\u011bs\u00edc\u016f<\/p>\n","protected":false},"featured_media":389,"comment_status":"open","ping_status":"closed","template":"","meta":{"neve_meta_sidebar":"","neve_meta_container":"","neve_meta_enable_content_width":"off","neve_meta_content_width":100,"neve_meta_title_alignment":"","neve_meta_author_avatar":"","neve_post_elements_order":"","neve_meta_disable_header":"","neve_meta_disable_footer":"","neve_meta_disable_title":""},"product_cat":[22],"product_tag":[],"class_list":["post-400","product","type-product","status-publish","has-post-thumbnail","hentry","product_cat-detske"],"_links":{"self":[{"href":"https:\/\/inature.cz\/index.php\/wp-json\/wp\/v2\/product\/400","targetHints":{"allow":["GET"]}}],"collection":[{"href":"https:\/\/inature.cz\/index.php\/wp-json\/wp\/v2\/product"}],"about":[{"href":"https:\/\/inature.cz\/index.php\/wp-json\/wp\/v2\/types\/product"}],"replies":[{"embeddable":true,"href":"https:\/\/inature.cz\/index.php\/wp-json\/wp\/v2\/comments?post=400"}],"wp:featuredmedia":[{"embeddable":true,"href":"https:\/\/inature.cz\/index.php\/wp-json\/wp\/v2\/media\/389"}],"wp:attachment":[{"href":"https:\/\/inature.cz\/index.php\/wp-json\/wp\/v2\/media?parent=400"}],"wp:term":[{"taxonomy":"product_cat","embeddable":true,"href":"https:\/\/inature.cz\/index.php\/wp-json\/wp\/v2\/product_cat?post=400"},{"taxonomy":"product_tag","embeddable":true,"href":"https:\/\/inature.cz\/index.php\/wp-json\/wp\/v2\/product_tag?post=400"}],"curies":[{"name":"wp","href":"https:\/\/api.w.org\/{rel}","templated":true}]}}