{"id":410,"date":"2021-11-21T22:36:06","date_gmt":"2021-11-21T21:36:06","guid":{"rendered":"https:\/\/inature.cz\/?post_type=product&#038;p=410"},"modified":"2021-12-16T15:00:29","modified_gmt":"2021-12-16T14:00:29","slug":"tricko-vystrih-v-vlocky","status":"publish","type":"product","link":"https:\/\/inature.cz\/index.php\/product\/tricko-vystrih-v-vlocky\/","title":{"rendered":"Tri\u010dko v\u00fdst\u0159ih V Vlo\u010dky"},"content":{"rendered":"<p><img loading=\"lazy\" decoding=\"async\" class=\"alignnone size-large wp-image-532\" src=\"https:\/\/inature.cz\/wp-content\/uploads\/2021\/11\/20211210_233406-1024x1024.jpg\" alt=\"\" width=\"1024\" height=\"1024\" srcset=\"https:\/\/inature.cz\/wp-content\/uploads\/2021\/11\/20211210_233406-1024x1024.jpg 1024w, https:\/\/inature.cz\/wp-content\/uploads\/2021\/11\/20211210_233406-600x600.jpg 600w, https:\/\/inature.cz\/wp-content\/uploads\/2021\/11\/20211210_233406-100x100.jpg 100w, https:\/\/inature.cz\/wp-content\/uploads\/2021\/11\/20211210_233406-300x300.jpg 300w, https:\/\/inature.cz\/wp-content\/uploads\/2021\/11\/20211210_233406-150x150.jpg 150w, https:\/\/inature.cz\/wp-content\/uploads\/2021\/11\/20211210_233406-768x768.jpg 768w, https:\/\/inature.cz\/wp-content\/uploads\/2021\/11\/20211210_233406-1536x1536.jpg 1536w, https:\/\/inature.cz\/wp-content\/uploads\/2021\/11\/20211210_233406-2048x2048.jpg 2048w\" sizes=\"auto, (max-width: 1024px) 100vw, 1024px\" \/>100% bio bavlna<\/p>\n<p>\u010dern\u00e1 barva<\/p>\n<p>vzadu v\u00fdst\u0159ih kulat\u00fd<\/p>\n<p>oboustrann\u00fd potisk<\/p>\n","protected":false},"excerpt":{"rendered":"<p>100% bio bavlna \u010dern\u00e1 barva vzadu v\u00fdst\u0159ih kulat\u00fd oboustrann\u00fd potisk<\/p>\n","protected":false},"featured_media":531,"comment_status":"open","ping_status":"closed","template":"","meta":{"neve_meta_sidebar":"","neve_meta_container":"","neve_meta_enable_content_width":"off","neve_meta_content_width":100,"neve_meta_title_alignment":"","neve_meta_author_avatar":"","neve_post_elements_order":"","neve_meta_disable_header":"","neve_meta_disable_footer":"","neve_meta_disable_title":""},"product_cat":[18,16],"product_tag":[],"class_list":["post-410","product","type-product","status-publish","has-post-thumbnail","hentry","product_cat-damske","product_cat-tricka"],"_links":{"self":[{"href":"https:\/\/inature.cz\/index.php\/wp-json\/wp\/v2\/product\/410","targetHints":{"allow":["GET"]}}],"collection":[{"href":"https:\/\/inature.cz\/index.php\/wp-json\/wp\/v2\/product"}],"about":[{"href":"https:\/\/inature.cz\/index.php\/wp-json\/wp\/v2\/types\/product"}],"replies":[{"embeddable":true,"href":"https:\/\/inature.cz\/index.php\/wp-json\/wp\/v2\/comments?post=410"}],"wp:featuredmedia":[{"embeddable":true,"href":"https:\/\/inature.cz\/index.php\/wp-json\/wp\/v2\/media\/531"}],"wp:attachment":[{"href":"https:\/\/inature.cz\/index.php\/wp-json\/wp\/v2\/media?parent=410"}],"wp:term":[{"taxonomy":"product_cat","embeddable":true,"href":"https:\/\/inature.cz\/index.php\/wp-json\/wp\/v2\/product_cat?post=410"},{"taxonomy":"product_tag","embeddable":true,"href":"https:\/\/inature.cz\/index.php\/wp-json\/wp\/v2\/product_tag?post=410"}],"curies":[{"name":"wp","href":"https:\/\/api.w.org\/{rel}","templated":true}]}}