{"id":533,"date":"2021-12-13T01:12:47","date_gmt":"2021-12-13T00:12:47","guid":{"rendered":"https:\/\/inature.cz\/?post_type=product&#038;p=533"},"modified":"2025-01-25T17:23:30","modified_gmt":"2025-01-25T16:23:30","slug":"vesta-vlocky","status":"publish","type":"product","link":"https:\/\/inature.cz\/index.php\/product\/vesta-vlocky\/","title":{"rendered":"Vesta Vlo\u010dky"},"content":{"rendered":"<p>mikina voln\u00e9ho st\u0159ihu s kapuc\u00ed<\/p>\n<p>80% bavlna, 20% polyester<\/p>\n<p>280 g\/m2<\/p>\n<p>\u010dern\u00e1 barva<\/p>\n<p>textilie bez \u0161kodliv\u00fdch l\u00e1tek podle OEKO-TEX\u00ae Standard 100<\/p>\n","protected":false},"excerpt":{"rendered":"<p>mikina voln\u00e9ho st\u0159ihu s kapuc\u00ed 80% bavlna, 20% polyester 280 g\/m2 \u010dern\u00e1 barva textilie bez \u0161kodliv\u00fdch l\u00e1tek podle OEKO-TEX\u00ae Standard 100<\/p>\n","protected":false},"featured_media":534,"comment_status":"open","ping_status":"closed","template":"","meta":{"neve_meta_sidebar":"","neve_meta_container":"","neve_meta_enable_content_width":"off","neve_meta_content_width":100,"neve_meta_title_alignment":"","neve_meta_author_avatar":"","neve_post_elements_order":"","neve_meta_disable_header":"","neve_meta_disable_footer":"","neve_meta_disable_title":""},"product_cat":[18,32],"product_tag":[],"class_list":["post-533","product","type-product","status-publish","has-post-thumbnail","hentry","product_cat-damske","product_cat-vesty"],"_links":{"self":[{"href":"https:\/\/inature.cz\/index.php\/wp-json\/wp\/v2\/product\/533","targetHints":{"allow":["GET"]}}],"collection":[{"href":"https:\/\/inature.cz\/index.php\/wp-json\/wp\/v2\/product"}],"about":[{"href":"https:\/\/inature.cz\/index.php\/wp-json\/wp\/v2\/types\/product"}],"replies":[{"embeddable":true,"href":"https:\/\/inature.cz\/index.php\/wp-json\/wp\/v2\/comments?post=533"}],"wp:featuredmedia":[{"embeddable":true,"href":"https:\/\/inature.cz\/index.php\/wp-json\/wp\/v2\/media\/534"}],"wp:attachment":[{"href":"https:\/\/inature.cz\/index.php\/wp-json\/wp\/v2\/media?parent=533"}],"wp:term":[{"taxonomy":"product_cat","embeddable":true,"href":"https:\/\/inature.cz\/index.php\/wp-json\/wp\/v2\/product_cat?post=533"},{"taxonomy":"product_tag","embeddable":true,"href":"https:\/\/inature.cz\/index.php\/wp-json\/wp\/v2\/product_tag?post=533"}],"curies":[{"name":"wp","href":"https:\/\/api.w.org\/{rel}","templated":true}]}}