{"id":840,"date":"2021-12-21T23:52:54","date_gmt":"2021-12-21T22:52:54","guid":{"rendered":"https:\/\/inature.cz\/?post_type=product&#038;p=840"},"modified":"2023-01-24T19:49:14","modified_gmt":"2023-01-24T18:49:14","slug":"tricko-mikina-abstrakce","status":"publish","type":"product","link":"https:\/\/inature.cz\/index.php\/product\/tricko-mikina-abstrakce\/","title":{"rendered":"tri\u010dko mikina Abstrakce"},"content":{"rendered":"<p>85% bavlna, 8% polyester, 7% visk\u00f3za<\/p>\n<p>jedine\u010dn\u00fd st\u0159ih i motiv<\/p>\n<p>barva \u0161ed\u00fd mel\u00edr<\/p>\n","protected":false},"excerpt":{"rendered":"<p>85% bavlna, 8% polyester, 7% visk\u00f3za jedine\u010dn\u00fd st\u0159ih i motiv barva \u0161ed\u00fd mel\u00edr<\/p>\n","protected":false},"featured_media":841,"comment_status":"open","ping_status":"closed","template":"","meta":{"neve_meta_sidebar":"","neve_meta_container":"","neve_meta_enable_content_width":"off","neve_meta_content_width":100,"neve_meta_title_alignment":"","neve_meta_author_avatar":"","neve_post_elements_order":"","neve_meta_disable_header":"","neve_meta_disable_footer":"","neve_meta_disable_title":""},"product_cat":[39,19],"product_tag":[],"class_list":["post-840","product","type-product","status-publish","has-post-thumbnail","hentry","product_cat-tricka-panske","product_cat-panske"],"_links":{"self":[{"href":"https:\/\/inature.cz\/index.php\/wp-json\/wp\/v2\/product\/840","targetHints":{"allow":["GET"]}}],"collection":[{"href":"https:\/\/inature.cz\/index.php\/wp-json\/wp\/v2\/product"}],"about":[{"href":"https:\/\/inature.cz\/index.php\/wp-json\/wp\/v2\/types\/product"}],"replies":[{"embeddable":true,"href":"https:\/\/inature.cz\/index.php\/wp-json\/wp\/v2\/comments?post=840"}],"wp:featuredmedia":[{"embeddable":true,"href":"https:\/\/inature.cz\/index.php\/wp-json\/wp\/v2\/media\/841"}],"wp:attachment":[{"href":"https:\/\/inature.cz\/index.php\/wp-json\/wp\/v2\/media?parent=840"}],"wp:term":[{"taxonomy":"product_cat","embeddable":true,"href":"https:\/\/inature.cz\/index.php\/wp-json\/wp\/v2\/product_cat?post=840"},{"taxonomy":"product_tag","embeddable":true,"href":"https:\/\/inature.cz\/index.php\/wp-json\/wp\/v2\/product_tag?post=840"}],"curies":[{"name":"wp","href":"https:\/\/api.w.org\/{rel}","templated":true}]}}